68 a multiple of 823?
False
Is 2267 a factor of 850771095?
True
Does 1328 divide 2262503?
False
Is 26205195 a multiple of 41?
False
Does 549 divide 1156587084?
True
Is 337511 even?
False
Does 761 divide 244604425?
True
Does 19 divide 3898617999?
True
Is 5 a factor of 4389575?
True
Is 22114247 a multiple of 23?
True
Does 27 divide 76669074?
False
Is 9444251 a multiple of 457?
False
Does 73 divide 764828399?
False
Does 515 divide 55168345?
True
Is 906529813 a multiple of 11?
False
Is 7940 a factor of 3506749266?
False
Is 51 a factor of 25738782?
True
Is 7436848 a multiple of 8?
True
Is 2554258710 a multiple of 10677?
True
Is 36207165 a multiple of 55?
False
Does 12 divide 13188874?
False
Is 511 a factor of 16061098?
False
Does 89 divide 11502716?
True
Is 6 a factor of 1052778?
True
Does 11 divide 146458935?
False
Does 100 divide 26171100?
True
Is 95818747 a multiple of 24?
False
Is 3315918 a multiple of 38?
True
Is 741 a factor of 31976?
False
Does 105 divide 30667770?
True
Does 7375 divide 1288287612?
False
Is 1595 a factor of 113683625?
True
Is 1420760413 a multiple of 9?
False
Is 1810 a factor of 121712220?
False
Does 554 divide 48129253?
False
Is 374099360 a multiple of 10?
True
Does 1253 divide 1234178227?
False
Is 7704398 a multiple of 207?
False
Is 15 a factor of 20450850?
True
Does 13 divide 349462191?
True
Does 136 divide 197871512?
False
Does 131 divide 4902592?
False
Is 12 a factor of 39793236?
True
Is 61059414 a multiple of 13?
True
Is 838738217 a multiple of 23?
True
Is 45107820 a multiple of 32?
False
Is 2812861565 a multiple of 1445?
True
Is 1278470745 a multiple of 15?
True
Does 9 divide 132529157?
False
Is 661 a factor of 4623695?
True
Is 127 a factor of 144497467?
False
Is 1378 a factor of 1063658908?
True
Does 12 divide 480903048?
True
Is 20894352 a multiple of 5?
False
Is 735 a factor of 137765903?
False
Is 57855050 a multiple of 185?
True
Is 313 a factor of 137292573?
False
Is 550645055 a multiple of 16?
False
Is 77392692 a multiple of 9?
True
Is 20 a factor of 49875671?
False
Does 2 divide 2300298?
True
Does 197 divide 485942217?
False
Is 74854440 a multiple of 12?
True
Does 1215 divide 38677095?
True
Is 9528173 a multiple of 25?
False
Does 11 divide 101612038?
True
Is 53001770 a multiple of 505?
True
Is 1334 a factor of 114035332?
False
Does 20 divide 28138800?
True
Does 645 divide 215234820?
False
Is 669201189 a multiple of 13?
False
Does 2213 divide 1228779315?
True
Is 14 a factor of 178013892?
True
Does 23 divide 2779389?
True
Is 113309085 a multiple of 15?
True
Is 22373400 a multiple of 56?
True
Is 282231223 a multiple of 31?
True
Does 776 divide 44345296?
True
Is 591 a factor of 25818220?
False
Is 17 a factor of 54686568?
False
Is 1901522754 a multiple of 1654?
True
Is 1299 a factor of 59051890?
False
Does 18 divide 25648254?
True
Is 221 a factor of 42113609?
False
Does 6 divide 2756412?
True
Is 686565 a multiple of 657?
True
Is 192828141 a multiple of 27?
True
Is 392 a factor of 17566831?
False
Is 25 a factor of 543736276?
False
Is 83746213 a multiple of 2040?
False
Is 10 a factor of 53568757?
False
Is 72783576 a multiple of 9?
True
Is 128 a factor of 4480487808?
True
Does 578 divide 5307401768?
True
Does 547 divide 142524395?
False
Is 925182434 a multiple of 8?
False
Is 3132409 even?
False
Is 169553035 a multiple of 89?
False
Is 41 a factor of 47283902?
False
Is 47 a factor of 45676371?
False
Is 6 a factor of 219674?
False
Does 18 divide 9629496?
True
Does 2796 divide 93565725?
False
Does 14 divide 496245484?
True
Is 55 a factor of 5887145?
True
Is 459779743 a multiple of 9?
False
Does 138 divide 18802252?
False
Is 215502365 a multiple of 2736?
False
Is 84 a factor of 107434656?
True
Is 190 a factor of 11126590?
True
Is 16 a factor of 3555023104?
True
Is 195 a factor of 6155565?
True
Does 21 divide 778113639?
False
Does 2265 divide 1549996125?
True
Does 5 divide 24306312?
False
Does 34 divide 46384872?
False
Is 48 a factor of 3178713?
False
Is 95699229 a multiple of 10?
False
Is 36 a factor of 1155301056?
True
Is 76 a factor of 10782814?
False
Is 101108538 a multiple of 9?
True
Is 231537283 a multiple of 132?
False
Is 51316320 a multiple of 1760?
True
Is 4 a factor of 183780?
True
Does 501 divide 52745280?
True
Is 29 a factor of 21433293?
False
Is 330308147 a multiple of 221?
True
Is 77522095 a multiple of 4814?
False
Is 12178140 a multiple of 1014?
True
Is 110 a factor of 62341314?
False
Is 60573329 a multiple of 53?
True
Is 6 a factor of 12146496?
True
Is 1874669301 a multiple of 8149?
True
Is 82 a factor of 1730736?
False
Is 14 a factor of 6253565960?
False
Is 765 a factor of 6609600?
True
Is 2500557752 a multiple of 8?
True
Is 234 a factor of 19126268?
False
Is 223096947 a multiple of 1783?
False
Is 139024925 a multiple of 775?
True
Is 2 a factor of 7997328?
True
Is 23 a factor of 380986303?
False
Does 800 divide 119720028?
False
Is 37237684 a multiple of 374?
True
Is 1939752698 a multiple of 2894?
True
Does 5 divide 3063804?
False
Is 1411388330 a multiple of 230?
True
Is 1277638162 a multiple of 9606?
False
Is 88 a factor of 11237688?
True
Is 949 a factor of 2329037919?
False
Is 32507057 a multiple of 1991?
True
Is 424 a factor of 43428009?
False
Is 1390566961 a multiple of 2682?
False
Does 59 divide 37610593?
False
Is 82964020 a multiple of 1270?
True
Does 101 divide 56396504?
False
Is 10414 a factor of 3845015424?
True
Does 15 divide 88737819?
False
Is 258 a factor of 495983055?
False
Is 552261643 a multiple of 17?
True
Is 51 a factor of 61837398?
True
Does 25 divide 36796948?
False
Is 320557872 a multiple of 48?
True
Is 9 a factor of 35572905?
True
Is 138335086 a multiple of 323?
True
Is 21694340 a multiple of 797?
True
Is 122790 a multiple of 146?
False
Does 6 divide 54248305?
False
Is 25 a factor of 876130227?
False
Is 39146392 a multiple of 5?
False
Is 41 a factor of 49815?
True
Is 4055 a factor of 5942517345?
True
Is 69 a factor of 3578478?
True
Is 90818403 a multiple of 507?
True
Is 2769 a factor of 689866705?
False
Is 1516 a factor of 150381136?
True
Is 75423177 a multiple of 48?
False
Does 33 divide 4965874?
False
Is 249756550 a multiple of 4910?
False
Does 5 divide 1071840?
True
Is 9714353 a multiple of 2?
False
Is 680074025 a multiple of 17?
False
Does 328 divide 1239715871?
False
Is 141 a factor of 9339439?
False
Is 33441400 a multiple of 20?
True
Is 8 a factor of 110967090?
False
Is 80 a factor of 122272332?
False
Is 15559909 a multiple of 3009?
False
Does 324 divide 525733538?
False
Is 552 a factor of 1654568112?
True
Is 103 a factor of 123548955?
False
Is 288098235 a multiple of 323?
True
Is 58 a factor of 15289134?
False
Is 712 a factor of 27497044?
False
Is 935736030 a multiple of 158?
False
Does 16 divide 80733369?
False
Does 322 divide 248842438?
False
Is 21576170 a multiple of 490?
True
Is 164 a factor of 33685272?
True
Is 2342241632 a multiple of 4024?
True
Is 951544339 a multiple of 78?
False
Is 2724476855 a multiple of 79?
False
Is 34 a factor of 1216191724?
False
Does 19 divide 851484126?
True
Is 279 a factor of 89838280?
False
Does 528 divide 7710989?
False
Does 76 divide 1501192352?
False
Is 3899735 a multiple of 180?
False
Does 66 divide 67591895?
False
Is 63366576 a multiple of 2329?
False
Does 20 divide 425877700?
True
Is 299 a factor of 350983736?
False
Is 80456149 a multiple of 2785?
False
Is 440323176 a multiple of 5?
False
Does 191 divide 2250777109?
False
Does 346 divide 13807822?
True
Is 948444 a multiple of 3?
True
Is 4903 a factor of 1720675705?
False
Is 87 a factor of 2817147?
True
Does 953 divide 168012947?
True
Is 20113634 a multiple of 6?
False
Is 26279637 a multiple of 146?
False
Is 159472232 a multiple of 218?
True
Is 96814150 a multiple of 170?
True
Does 128 divide 257936115?
False
Is 100478172 a multiple of 46?
False
Is 85 a factor of 28353960?
True
Is 3 a factor of 434427520?
False
Does 1285 divide 430403040?
True
Is 131918007 a multiple of 400?
False
Is 110477933 a multiple of 1694?
False
Is 580 a factor of 46363460?
True
Is 17 a factor of 257555662?
False
Is 8811275 a multiple of 275?
True
Does 15 divide 174922381?
False
Is 2903700 a multiple of 117?
False
Is 636375816 a multiple of 1368?
True
Is 26 a factor of 41432144?
True
Is 328 a factor of 747842154?
Fa